at is the tens digit of q?
5
Suppose 7*u - 10*u = -30. Let s = 86 - u. What is the tens digit of s?
7
Suppose 4*w - 2*w + 2*q = 456, q + 228 = w. Suppose 2*a - 36 = w. What is the hundreds digit of a?
1
Suppose t - 262 = 375. What is the tens digit of t?
3
Let t be (-112)/(-40) + 1/5. Let y = t - -8. Suppose 9 + y = 4*r. What is the units digit of r?
5
Let y = -1 + 19. Suppose 5*i = y - 13. Let x = 13 - i. What is the units digit of x?
2
Let j = -21 - -28. Let a(u) = u**3 + 0*u + 4*u - 5*u + 1 + j*u**2. What is the tens digit of a(-6)?
4
Let b(u) = 11*u. Let s(g) = g**2 + 2*g + 1. Suppose 4*p - 3 = h - 7, 4*h = -4*p - 24. Let w be s(p). What is the tens digit of b(w)?
1
Let b be -3 - (-2 + -3) - 2. Suppose b = g + 2*x - 3*x - 15, 15 = -3*x. Let u(q) = 4*q + 22. What is the tens digit of u(g)?
6
Let n = 62 + -57. Suppose 7*q - 294 = n*q. What is the hundreds digit of q?
1
What is the hundreds digit of (-61791)/(-21) + (27/(-21))/3?
9
Let m = -9 + 17. Suppose 2*a = -8 - 0. What is the units digit of (10/(-4))/(a/m)?
5
Suppose -5*r = -4*w + 2090, 0*r - 2*r - 4 = 0. Suppose -3*n - 5*g = -w, g + 351 = 3*n - n. What is the tens digit of n?
7
Let s(r) = -201*r - 328. What is the thousands digit of s(-7)?
1
Let u(w) = -w**3 - 36*w**2 + 89*w + 99. What is the tens digit of u(-39)?
9
Suppose 19*v - 400585 = -94*v. What is the thousands digit of v?
3
Suppose -25*t = -26*t. What is the tens digit of t + (-2 - 0) + (84 - -12)?
9
Let x(y) = -y**2 - 19*y + 30. Let h be x(-9). Suppose 0 = 7*f - h - 181. What is the tens digit of f?
4
Suppose 5310 = 30*d - 25*d. What is the tens digit of d?
6
What is the hundreds digit of 1 - -269 - -10*(-21)/70?
2
Suppose -13056 = -13*o - 21*o. What is the units digit of o?
4
What is the hundreds digit of 4110/25*90/27?
5
Suppose -3541 = -f - 601. What is the thousands digit of f?
2
Let d be (2 + 20/(-8))*-18. Suppose -d*r + 126 = -135. What is the units digit of r?
9
Suppose -31*p - 3*r = -34*p + 12648, 4*r - 12669 = -3*p. What is the units digit of p?
9
Let m = 6263 + -3662. What is the hundreds digit of m?
6
Let a(v) be the third derivative of -5*v**4/24 + v**3/2 + 13*v**2. Suppose 0 = -3*i - 8 - 4. What is the units digit of a(i)?
3
Let u(g) = 9 + 0*g - g**2 - 4*g - 2*g + g**3 + 10*g**2. Let q be u(-10). Let d = q - -75. What is the units digit of d?
4
Let p(r) = -r**3 - 8 - 9*r**2 + 7 - 11*r + 0*r**3. Let c be p(-8). Suppose 6*v - v = 4*y + 21, 3*y = -4*v + c. What is the units digit of v?
5
Suppose 0*r + 4*r - 764 = 0. Suppose 16 = 5*b + r. What is the units digit of (-4)/14 - 115/b?
3
Suppose 0*x + 2*x - 2 = c, -3*c + 8 = x. Suppose -5*a = -6*a - 3*s + 197, 2*s - 386 = -c*a. What is the units digit of a?
1
Let w(y) = -y**3 - 11*y**2 - 9*y + 10. Let k be w(-10). Let v(q) = -q**3 + 2*q - 1. Let r be v(-4). Suppose k = -4*l + 9*l - r. What is the tens digit of l?
1
Suppose 66 = -5*a - 19. Let q = a - -79. What is the tens digit of q?
6
What is the tens digit of 2*1 - (-4456 - -78)?
8
Let i be (3 - 12)/1*6/(-27). Suppose -3*b - 5*g = -248, -3*b + i*b + 82 = g. What is the tens digit of b?
8
Let a(s) = s**3 - 7*s**2 - 11*s + 5. What is the hundreds digit of a(11)?
3
Let y be (14/(-8))/(4/(-16)). Let m be -4 + (-6)/(-1) + 1. Suppose 56 = n + 2*j, y*n + 3*j = m*n + 209. What is the units digit of n?
0
Let o(m) be the first derivative of 3*m**2/2 - 3*m + 1. Let i be o(-6). Let t = -14 - i. What is the units digit of t?
7
Let a(l) = -23*l**2 - 2*l + 2. Let i(p) = -p**2 + p. Let k(c) = -a(c) + 3*i(c). What is the units digit of k(2)?
8
Let d = -225 + 237. Let i = 17 - 12. What is the units digit of d/20 - (-57)/i?
2
Suppose 0 = -99*d + 95*d + 644. What is the units digit of d?
1
Let s = 123 - 126. Let l(m) = -12*m + 11. What is the units digit of l(s)?
7
Suppose -8396 = -7*f - 2383. What is the hundreds digit of f?
8
Suppose 13*j - 1189 - 2126 = 0. Let b = -125 + j. What is the tens digit of b?
3
Suppose -28*v + 25*v = -3*r - 2322, -4*v + 3078 = 2*r. What is the tens digit of v?
7
Let q(y) = -y**3 - y**2 - 8*y + 3. Let h be q(-6). Suppose -3*v + h - 33 = 0. What is the units digit of v?
6
Let n = 0 + 3. Suppose h - 2*h - 2*m - 5 = 0, -n*h + 4*m = -25. Suppose 0 = 2*f + 5*q - 0*q - 95, 5*f = h*q + 222. What is the units digit of f?
5
Let s = 33 + -30. Suppose -4 = -s*q + 179. What is the tens digit of q?
6
Let u(d) = -d**2 - 5*d + 21. Let r be u(-7). Let m(l) = l**3 - 5*l**2 - l. What is the tens digit of m(r)?
9
Let f(s) = 8*s - 13. Let o be f(21). Let z = o + 130. What is the tens digit of z?
8
What is the hundreds digit of 56/6*(-33 + 144)?
0
Let x = -2748 + 4692. What is the units digit of ((-2)/(-4))/(2 - 3882/x)?
2
What is the hundreds digit of (-6 - 2057/22)*(-19 - -1)?
7
Suppose 0*w = -w + 26. Suppose -4*m - w = -2*x, -2*x - 4*m - 19 = m. Suppose -7 = 2*g + x, 5*f = -5*g. What is the units digit of f?
5
Let m = 113 + -109. What is the units digit of m + ((-231)/(-3) - -5)?
6
Suppose 3*o - 5*w = -1, -o - 3 = -2*w - 2. Suppose -2*j - n + 6 = 0, -14 = -4*j + o*n + 8. What is the units digit of (j/(-14))/(2/(-14))?
2
Let h(z) = z**3 + 11*z**2 - 12*z + 7. Let c be h(-12). Suppose -c*f - 599 = -2020. What is the units digit of f?
3
Let o = 85 + -61. Let c = 48 - o. What is the tens digit of c?
2
Suppose -1 = -w + 3. Suppose -46 = -t - 2*x, w*x + 139 = 4*t + 3*x. What is the units digit of t?
6
Let k(w) = 3*w**2 - 8*w + 18. What is the units digit of k(3)?
1
Suppose 0 = -6*k + 10564 - 2788. What is the thousands digit of k?
1
Let c = 48 + -27. Let q be (c/(-35))/((-1)/(-5)). What is the units digit of 7/((-7)/(-32)) + q?
9
Suppose 0 = 2*a - 6. Suppose -3*h = -206 - 16. Suppose -h = -a*k + k. What is the units digit of k?
7
Suppose -u = -6*u. Suppose u = 3*c + 39 + 3. What is the tens digit of ((-6)/(-7))/((-1)/c)?
1
Let v be (1/2)/((-2)/(-8)). Let w = -80 - -85. Suppose w*p = v*p + 93. What is the tens digit of p?
3
Let a(o) = 3*o**2 + 33*o - 27. Let g(m) = -m**2 - 16*m + 13. Let b(r) = 2*a(r) + 5*g(r). What is the tens digit of b(-11)?
8
Let g(t) = -26 - t + 6 + 133 - 12. What is the tens digit of g(30)?
7
Let w(v) = -v**3 + 7*v**2 + 15*v + 29. Let d be w(9). Suppose d*c - 9*c + 1596 = 0. What is the units digit of c?
8
Let x be 1154/(-1 - (-6)/2). Suppose 187 - x = -6*u. What is the tens digit of u?
6
Let t = -309 + 472. What is the tens digit of t?
6
Let z be (12/6)/(1*(-3)/(-18)). Suppose -14*g + 342 = -z*g. What is the tens digit of g?
7
Let j(z) = z**3 + 10*z**2 + 7*z + 18. Let v = 16 + -24. What is the units digit of j(v)?
0
Suppose 4*d = -2*b + 4, 0 = -2*b + 6*d - d + 22. Let c be ((-4)/b)/(2/(-6)). What is the units digit of -3 + -1*(-14)/c?
4
Suppose 4*c + 18 = 38. Let d(b) = 2*b**3 - 6*b**2 - 2*b - 1. What is the units digit of d(c)?
9
Let u = -72 + 79. Suppose 2*n + 4*a = -2, a - 2 + u = 4*n. What is the units digit of n?
1
Suppose -81*a + 33663 = -187062. What is the hundreds digit of a?
7
Let s(r) = 106*r - 91. What is the units digit of s(8)?
7
Let m(x) = 2*x**3 - 12*x**2 + 4*x - 33. What is the hundreds digit of m(12)?
7
Let l = 1619 + -1441. What is the units digit of l?
8
Suppose -4*b + 5*u + 113 = 0, 4*b = 5*u - 2*u + 103. Suppose 4*o + b + 2 = 0. What is the tens digit of 1/3 - 238/o?
4
Let a = 3604 + -2053. What is the hundreds digit of a?
5
Suppose -3*y = -6*a + 3*a + 99, 4*a + 5*y - 123 = 0. Let h(g) = 30*g**2 - 7*g - 6. Let c be h(-1). Suppose a = 3*l - c. What is the units digit of l?
1
Let g be -206*((-4)/2)/4. Suppose 5*y = -4*v + 213, -2*v - y + 2*y + g = 0. Let s = v + -10. What is the units digit of s?
2
Suppose -128 = 6*z - 32. Let o = z + 23. What is the units digit of o?
7
Let v(h) = -19*h + 57. What is the units digit of v(-15)?
2
Suppose 0 = -x - x + 3*y + 27, 5*y + 70 = 5*x. Let f = -12 + x. Suppose 4*m = -2*v + 134, f*m + 4*v - 172 = -2*m. What is the units digit of m?
2
Let t = 0 + 19. What is the hundreds digit of (-21 + t)*(2 + -134 + 2)?
2
Let f(r) = r**3 - 9*r**2 + 11*r - 5. Let o be f(7). What is the tens digit of (39/o)/(3/(-38))?
1
What is the tens digit of 3 - 2 - 3084/(-4)?
7
Suppose -1205*p + 1203*p = -334. What is the tens digit of p?
6
Let i(w) = -w**3 + 2*w**2 - 2*w + 145. Let n be i(0). Let y = 142 + n. What is the tens digit of y?
8
Let y be (1 - 2 - -4) + -7. Let m = y +